isor of 9500 and 76?
76
Calculate the highest common divisor of 135 and 1431.
27
What is the highest common divisor of 190 and 160?
10
What is the greatest common divisor of 15 and 5295?
15
What is the greatest common factor of 63 and 28?
7
What is the greatest common factor of 948 and 24?
12
Calculate the highest common factor of 1122 and 330.
66
Calculate the greatest common factor of 49 and 14.
7
Calculate the greatest common divisor of 30 and 16610.
10
What is the greatest common factor of 34 and 1139?
17
Calculate the highest common factor of 432 and 936.
72
Calculate the greatest common factor of 450 and 50.
50
Calculate the highest common factor of 466 and 12.
2
What is the highest common divisor of 18 and 297?
9
Calculate the highest common factor of 11388 and 24.
12
What is the greatest common factor of 996 and 120?
12
Calculate the greatest common divisor of 9943 and 815.
163
Calculate the greatest common factor of 2625 and 21.
21
Calculate the highest common factor of 540 and 20.
20
Calculate the greatest common divisor of 180 and 117.
9
Calculate the greatest common factor of 27121 and 37.
37
Calculate the highest common divisor of 48 and 150.
6
What is the highest common divisor of 40 and 3860?
20
Calculate the greatest common divisor of 10 and 530.
10
Calculate the greatest common factor of 38 and 4864.
38
Calculate the highest common factor of 150 and 1900.
50
What is the greatest common divisor of 26 and 325?
13
Calculate the highest common factor of 48 and 6.
6
What is the greatest common factor of 2676 and 12?
12
What is the greatest common factor of 1372 and 63?
7
Calculate the highest common factor of 54 and 17118.
54
Calculate the greatest common factor of 44 and 1386.
22
What is the highest common factor of 690 and 5?
5
Calculate the greatest common factor of 104 and 1326.
26
What is the greatest common divisor of 7 and 4?
1
What is the highest common divisor of 21 and 15?
3
Calculate the greatest common divisor of 3649 and 41.
41
What is the greatest common divisor of 1387 and 73?
73
What is the highest common divisor of 2703 and 153?
51
Calculate the greatest common factor of 77030 and 10.
10
What is the greatest common factor of 1121 and 19?
19
Calculate the greatest common divisor of 273 and 143.
13
What is the highest common divisor of 31 and 155?
31
Calculate the greatest common divisor of 655 and 2227.
131
Calculate the highest common factor of 30 and 230.
10
Calculate the highest common factor of 825 and 2625.
75
What is the greatest common factor of 216 and 378?
54
What is the greatest common divisor of 111 and 74?
37
Calculate the greatest common factor of 122 and 13298.
122
What is the highest common divisor of 156 and 1833?
39
Calculate the greatest common divisor of 86 and 1634.
86
Calculate the greatest common divisor of 30 and 210.
30
What is the highest common divisor of 622 and 16?
2
Calculate the highest common divisor of 18 and 21474.
18
Calculate the highest common divisor of 114 and 38019.
57
Calculate the greatest common factor of 7774 and 506.
46
What is the greatest common divisor of 873 and 18?
9
Calculate the greatest common factor of 116 and 3886.
58
Calculate the highest common divisor of 117 and 91.
13
Calculate the greatest common divisor of 522 and 36.
18
Calculate the greatest common divisor of 16 and 12776.
8
Calculate the greatest common factor of 1155 and 1785.
105
What is the greatest common divisor of 1881 and 1368?
171
Calculate the highest common divisor of 221 and 52.
13
Calculate the greatest common divisor of 56 and 644.
28
What is the highest common divisor of 138 and 506?
46
Calculate the highest common factor of 456 and 23028.
228
What is the greatest common divisor of 3948 and 196?
28
Calculate the highest common factor of 28 and 21.
7
Calculate the greatest common divisor of 36 and 72.
36
What is the greatest common factor of 24 and 696?
24
What is the greatest common divisor of 7 and 1757?
7
Calculate the greatest common divisor of 35 and 10.
5
What is the highest common factor of 34 and 986?
34
Calculate the greatest common factor of 899 and 87.
29
What is the greatest common divisor of 132 and 420?
12
What is the greatest common divisor of 6787 and 22?
11
Calculate the highest common factor of 2706 and 88.
22
Calculate the greatest common factor of 16792 and 8.
8
Calculate the greatest common factor of 2943 and 81.
27
Calculate the highest common divisor of 72 and 1008.
72
Calculate the greatest common factor of 902 and 44.
22
Calculate the greatest common factor of 36 and 4122.
18
Calculate the greatest common divisor of 31 and 4.
1
What is the greatest common factor of 387 and 171?
9
What is the greatest common factor of 42 and 350?
14
Calculate the greatest common factor of 338 and 104.
26
Calculate the greatest common divisor of 48 and 300.
12
Calculate the greatest common factor of 4 and 632.
4
Calculate the greatest common factor of 119 and 1768.
17
What is the highest common divisor of 5616 and 65?
13
What is the greatest common divisor of 600 and 72?
24
What is the greatest common divisor of 16 and 1928?
8
Calculate the greatest common divisor of 9 and 705.
3
Calculate the greatest common divisor of 1272 and 53.
53
Calculate the highest common divisor of 42 and 168.
42
What is the greatest common factor of 64 and 688?
16
What is the greatest common divisor of 437 and 95?
19
What is the highest common factor of 176 and 638?
22
Calculate the greatest common factor of 59 and 236.
59
What is the highest common divisor of 308 and 12?
4
Calculate the highest common factor of 468 and 288.
36
What is the greatest common divisor of 261 and 1479?
87
What is the highest common divisor of 55 and 3005?
5
Calculate the highest common factor of 16 and 15472.
16
What is the highest common divisor of 2520 and 84?
84
What is the highest common divisor of 38 and 209?
19
What is the greatest common divisor of 41 and 288?
1
What is the greatest common factor of 15 and 1245?
15
Calculate the highest common factor of 25 and 2575.
25
Calculate the highest common factor of 768 and 12192.
96
Calculate the greatest common divisor of 125 and 1450.
25
Calculate the greatest common factor of 240 and 48.
48
What is the highest common factor of 7 and 889?
7
What is the greatest common factor of 30 and 165?
15
What is the highest common factor of 60 and 700?
20
What is the highest common factor of 5655 and 390?
195
Calculate the greatest common divisor of 468 and 90.
18
Calculate the greatest common divisor of 884 and 104.
52
Calculate the highest common divisor of 23337 and 9.
9
Calculate the greatest common divisor of 14 and 896.
14
Calculate the highest common factor of 25 and 7925.
25
Calculate the greatest common divisor of 72 and 468.
36
Calculate the highest common factor of 24 and 2712.
24
Calculate the greatest common divisor of 72 and 99.
9
What is the highest common divisor of 51576 and 168?
168
Calculate the greatest common factor of 35 and 385.
35
Calculate the greatest common factor of 508 and 16.
4
Calculate the highest common factor of 22135 and 95.
95
Calculate the greatest common factor of 74 and 814.
74
Calculate the highest common factor of 171 and 27.
9
What is the highest common factor of 9006 and 798?
114
Calculate the highest common factor of 9 and 54.
9
What is the highest common factor of 1210 and 110?
110
Calculate the greatest common divisor of 90 and 210.
30
Calculate the greatest common factor of 2300 and 874.
46
Calculate the highest common factor of 270 and 1674.
54
What is the greatest common divisor of 39 and 3?
3
What is the greatest common factor of 171 and 45?
9
What is the highest common factor of 274 and 2?
2
Calculate the greatest common divisor of 204 and 216.
12
Calculate the highest common divisor of 162 and 9774.
54
What is the highest common factor of 2210 and 390?
130
What is the greatest common divisor of 450 and 180?
90
What is the greatest common factor of 432 and 6?
6
What is the greatest common factor of 9344 and 146?
146
What is the greatest common factor of 99 and 231?
33
Calculate the greatest common factor of 5911 and 23.
23
Calculate the highest common factor of 5 and 279.
1
What is the highest common divisor of 59 and 32686?
59
Calculat